8)/(-3)*304/p?
4
Let v(z) = -z**3 - 2*z**2 + 2*z - 12. Suppose -21*g + 16*g = 40. What is the units digit of v(g)?
6
Suppose -8*c = 4*c + 48. What is the hundreds digit of ((-4)/c*1)/(1/233)?
2
Suppose 93225 = 5*r + 5*f, -29*f = -24*f + 40. What is the tens digit of r?
5
Let b(k) = 9*k - 7. Suppose -m = 4*o + 1 - 12, -4*o = 4*m - 92. Suppose 1 = -13*y + m. What is the units digit of b(y)?
1
Suppose -5*i = 6*n - 165219, -5*i = 45*n - 41*n - 110151. What is the ten thousands digit of n?
2
What is the thousands digit of 6907 - (-37)/(481/(-130))?
6
Let p(x) = -x - 15. Let k be p(-19). Suppose -17 + 1 = -k*h. What is the tens digit of ((-24)/(-9))/(h/114)?
7
Let o = 55 + -38. Let u = o + -20. What is the units digit of ((-54)/u)/((-3)/(-9))?
4
Suppose 4*r + 2 = 2*x, -5*r = -4*x - 32 + 45. Let i(q) = 109*q - 260. What is the units digit of i(x)?
3
Let v = 59 - 39. Let w = 23 - v. Suppose -53 + 302 = w*t. What is the units digit of t?
3
Suppose -13*k - 48066 + 213257 = 0. What is the thousands digit of k?
2
Suppose -5*o = k + 26, -34*k + 18 = -5*o - 37*k. What is the units digit of (21/o)/((84/1000)/(-21))?
5
Let m(s) = 43*s - 96 + 17*s - 22*s - 131. What is the hundreds digit of m(12)?
2
Suppose -3*i = -v + 5019, 2*v = -12*i + 7*i + 10038. Suppose v = 3*y - 129. What is the units digit of y?
6
Suppose -12164 = -2*s - 5*y + 2215, -3*y - 21516 = -3*s. What is the hundreds digit of s?
1
Let z be -4 - -2 - (12 + (7 - 26)). Let q(t) = -t**2 - t. Let j(r) = -14*r - 12. Let i(d) = j(d) - 5*q(d). What is the tens digit of i(z)?
6
Let l = -109 - -111. Suppose 0*u - l = 2*u, 3*u = -3*k - 48. Let t(o) = o**3 + 16*o**2 + 3*o - 11. What is the hundreds digit of t(k)?
1
Let d = 2565 - -4725. What is the units digit of d?
0
Suppose -74*t = -2452632 - 69288. What is the thousands digit of t?
4
Let s(j) = 46*j**3 + 2*j**2 - 5*j + 2. Suppose 10 - 6 = 2*d. Let r be s(d). Let i = -161 + r. What is the units digit of i?
7
Suppose -4*d + 79 - 11 = 0. Suppose -d*q + 14*q + 648 = -l, 3*q - 5*l - 660 = 0. What is the hundreds digit of q?
2
Let y(p) = p - 2297 + 2082 + 59*p. What is the units digit of y(12)?
5
Let s(a) = 20*a**2 + 6*a - 76. Suppose -120*g + 129*g - 54 = 0. What is the units digit of s(g)?
0
Let y(j) = -2 - j**3 - 748*j - j**2 + 748*j. Let s be y(0). What is the tens digit of (212/(-2))/s + (-3)/1?
5
Let c(a) = 2*a**2 - 13*a - 8. Let h be c(10). Let x = 115 - h. Let o = x - 10. What is the tens digit of o?
4
Let l(h) be the first derivative of 4*h**3/3 - 21*h**2/2 - 46*h + 127. What is the tens digit of l(-8)?
7
Let d = 10 + -65. Let f = d + 157. What is the units digit of f?
2
Let z(t) be the second derivative of 3*t**5/20 - 3*t**4 + 4*t**3/3 - 9*t**2/2 + 2*t - 5. What is the tens digit of z(13)?
0
Let o(c) = 17*c - 28. Suppose -2*l - 5*a = -7*l - 30, -4*l - 4*a - 8 = 0. Let u(y) = -53*y + 84. Let d(p) = l*u(p) - 11*o(p). What is the units digit of d(8)?
2
Suppose 294067 = 9*s - 196225 + 52658. What is the tens digit of s?
2
Let c(h) be the third derivative of -h**4/4 - 6*h**3 - 13*h**2. Let g be c(-18). Suppose z = 7*z - g. What is the units digit of z?
2
Suppose -2*y = y - 6. Let h(k) = 47*k - 8. Let l(b) = b. Let r(f) = h(f) + 5*l(f). What is the units digit of r(y)?
6
Let k = -17545 - -29510. What is the thousands digit of k?
1
Let g(b) = 37 + 55 + 93 + 8*b - 25*b + 2. What is the tens digit of g(9)?
3
Let i(v) = -7*v + 59. Let c(k) = 4*k - 34. Let z be c(6). What is the units digit of i(z)?
9
Let h(z) = -74*z**3 + 49*z + 112. What is the thousands digit of h(-7)?
5
What is the hundreds digit of 3649 - ((-280)/(-14) - 8)?
6
Let h be (-2)/((3/84*4)/1). Let v = h - -72. Suppose -2*u + v = -58. What is the units digit of u?
8
Let q be (95 - -3)/(4 + -6). Let n = q - -56. Suppose n*p = 4*p + 87. What is the units digit of p?
9
Let h = 17750 + -3808. What is the units digit of h?
2
Let h = 10357 + -3064. What is the units digit of h?
3
Suppose -4*b + 316*p - 321*p = -183686, -b = -4*p - 45932. What is the tens digit of b?
2
Let l = 451 + -243. Let d = 283 - l. What is the tens digit of d?
7
Let n = 287 + -277. Let c = 196 + n. What is the units digit of c?
6
Let p = -101 - -111. Suppose -181 = p*d + 179. Let f = d - -53. What is the units digit of f?
7
Let l = -1379 + 2141. What is the units digit of l?
2
Let j(l) = 4*l - 16. Let u(w) = 8*w - 33. Let a(z) = -5*j(z) + 2*u(z). Let h(p) = -p**3 - p**2 + 6*p + 5. Let r be h(3). What is the tens digit of a(r)?
6
Let p(z) = 110*z + 716. What is the hundreds digit of p(51)?
3
Let q be ((-2)/(-7))/(4/28). Let c(i) = 51*i**3 - 3*i**2 + i + 3. Let o be c(q). Suppose o - 1122 = -7*b. What is the hundreds digit of b?
1
Let p be -2 + 1/1 - 71. What is the tens digit of 330/99*p/(-5)?
4
Let q be (80/(-12))/(-5) + 4/(-3). Let j = q + 32. What is the units digit of j?
2
Let g = 24646 + -14744. What is the tens digit of g?
0
Let r(b) = 38*b**2 + 55*b + 156. What is the units digit of r(-28)?
8
Let q = 44 + -44. Suppose q = -9*h + 6039 - 1539. Suppose -6*j + 814 = -h. What is the tens digit of j?
1
Let p = -64 - -18. Let j = 22 + p. What is the tens digit of (-4)/j - (-1198)/12?
0
Suppose -3*q - 301 = -f - 6*q, -4*q + 4 = 0. Suppose -k - k - 11 = 3*x, -5*x - 21 = 2*k. Suppose -k*p + f = 84. What is the units digit of p?
7
Let j(w) = -w - 1. Let h be j(-5). Suppose h*p = 0, -764 = -4*o + p + 3*p. What is the units digit of o?
1
Let w(p) = p**2 - 3*p + 124. Let i be w(16). Suppose 0 = 327*j - i*j + 2305. What is the tens digit of j?
6
Suppose 100 + 83 = 3*x. Let c = -13 - -55. Let h = x - c. What is the tens digit of h?
1
Let u = 36369 - 20769. What is the hundreds digit of u/35 + 8/28?
4
What is the units digit of 16777/(42/3 + -13)?
7
Let u = 11172 + 933. What is the ten thousands digit of u?
1
Suppose -24*g = 4575 + 7209. Let j = g + 1392. What is the tens digit of j?
0
Let t be (-35950)/75*-1*6/(-2). Let z = -739 - t. What is the tens digit of z?
9
Let t = 35388 + 2675. What is the tens digit of t?
6
Let d(j) = 9*j**2 + 10*j - 11. Let r be d(5). Suppose -6*z + 960 - r = 0. What is the units digit of z?
6
Let x(w) = 3*w**3 + 360*w**2 + 268*w - 293. What is the ten thousands digit of x(-119)?
1
Suppose 8984 = 3*d - 4*u, 6*d = 3*d + 3*u + 8979. Let v = d + -1206. What is the hundreds digit of v?
7
Let j(d) = 11*d - 4. Let y be j(4). Let t = -158 - -197. Suppose t*n - y*n = -78. What is the tens digit of n?
7
Let x(g) = -4*g**3 - 4*g**2 - 2*g - 4. Let a be x(-3). Let z = 43 - 41. Suppose j - 21 = -2*d + a, -d - z*j + 46 = 0. What is the units digit of d?
8
What is the thousands digit of (-3)/((-42)/394688*4)?
7
Suppose 29*h = 20*h + 33*h - 592104. What is the ten thousands digit of h?
2
Let s(y) = 7*y**2 - 13*y + 50. Let h(g) = -14*g - 9. Let k be h(-1). What is the tens digit of s(k)?
6
Let b = 1502 + -890. Suppose -19*u + b = -u. What is the tens digit of u?
3
Let b(g) = -g**2 + 12*g + 5. Let p be b(12). Let k(t) = 2*t - 10. Let q be k(p). Suppose -3*l - l + 36 = q. What is the units digit of l?
9
Let d be -8 + (-83 - -101)*(-1)/(-3). Let s = 41 + -20. What is the hundreds digit of (-6)/s*(d + -551)?
1
Suppose 2*s = 4*u + 17532, -u - 3*s - s = 4401. Suppose 8*c = 2*c - 18. What is the units digit of u/(-20) - (c/(-1))/12?
9
Suppose -2*z - 4*f = -1 - 15, f - 9 = -3*z. Suppose 0 = -z*a - 3*s + 438, -4*a - 73 + 955 = 3*s. What is the hundreds digit of a?
2
Let f be ((-24)/(-4) + -7)*-13. Let g(p) = 66*p - 123. What is the tens digit of g(f)?
3
Let w = -50612 + 106866. What is the thousands digit of w?
6
Suppose -42*i + 20370 = -37*i. What is the hundreds digit of i?
0
Suppose 5*u - 68 = 122. Suppose 100*r = u*r + 58714. What is the tens digit of r?
4
Let d(s) = -11*s**2 - 3*s - 27. Let w be d(-6). Let v = 129 - w. What is the units digit of v?
4
Suppose -w + 2*h = 157, -3*h + 7*h + 785 = -5*w. What is the units digit of (36 - 37)*(-2*1 + w)?
9
Let y = 1335 + -317. Let u = y + -662. What is the tens digit of u?
5
Suppose 0*k - 5 = -5*k - 5*p, 5*k - 2*p - 33 = 0. Let u(f) = 5*f**2 + 10*f - 10. What is the hundreds digit of u(k)?
1
Let s(n) be the second derivative of -n**4/6 + 25*n**3/2 - 24*n**2 - n + 11. What is the units digit of s(24)?
0
Let l(q) = q**3 - 23*q**2 - 27*q + 74. Let u be l(24). Let a = -21 + 41. Suppose -a =